 -1) + (5 - m)?
13
Let q = -43 + 65. Suppose -3*n = -5*d - 26, 3*n - 2*d = 2*n + 8. Calculate the remainder when q is divided by n.
10
Suppose p = -3*p - 40. Let a = -3 - p. Let j(c) = c**2 - 2*c + 5. Calculate the remainder when j(4) is divided by a.
6
Suppose 10 = 3*t - 2*g, 0 = 5*t + 2*g - 5 - 1. Suppose 2*d - t*h - 34 = 0, -7*h = 3*d - 3*h - 79. What is the remainder when 60 is divided by d?
18
Let f be -1*1 + (3 - -6). Suppose 0 = -4*b + 5*b - f. Calculate the remainder when 30 is divided by b.
6
Let l(h) be the first derivative of h**3/3 + 9*h**2/2 - 2*h + 5. Calculate the remainder when l(-12) is divided by 9.
7
Suppose -r = 5*l - 23, 0*l - l = 4*r + 3. Let o be (-1)/(-1)*(4 - l). Let w = o - -5. Calculate the remainder when 7 is divided by w.
3
Let t = 179 - 172. What is the remainder when ((-5)/(-3))/((-1)/(-12)) is divided by t?
6
Suppose r = -a + 21, -a + 3*r + 1 = 8*r. Suppose 28 = 3*v - 5*d - 76, 2*d = 4. Let z = v - a. Calculate the remainder when 22 is divided by z.
10
Let w = -23 - -43. What is the remainder when (-24)/w*(-35)/2 is divided by 8?
5
Let c(b) = b**2 + 8*b + 33. What is the remainder when 48 is divided by c(-7)?
22
Suppose b + 2*c - 68 = 0, 2*b - 3*c = 6*b - 277. Suppose l - 6*l = -b. Calculate the remainder when 41 is divided by l.
13
Suppose 3*k + 0*t = 5*t + 54, 0 = -4*t. Suppose 4*g + 3 = 139. What is the remainder when g is divided by k?
16
Suppose 4*j - 38 - 18 = 0. Calculate the remainder when 66 is divided by j.
10
Calculate the remainder when 3/6 + (-15)/(-2) is divided by (-189)/(-35) - (-4)/(-10).
3
Suppose -190 - 95 = -5*h. What is the remainder when h is divided by 20?
17
Let q(j) = -4*j + 1. What is the remainder when 48 is divided by q(-4)?
14
Let j be (-4)/6*222/(-4). Suppose -3*h - 13 + j = 0. What is the remainder when 31 is divided by h?
7
Let p(u) = 19*u + 87. What is the remainder when 173 is divided by p(-4)?
8
Let x(h) = 33*h**2 + h. Calculate the remainder when x(1) is divided by 10.
4
Let g(h) = -h - 6. Let c be g(-8). Suppose 39 = c*a + 1. Calculate the remainder when 55 is divided by a.
17
Suppose -7*r = -2*r + 35. Let m = r - -11. Calculate the remainder when 53 is divided by m/(-6)*-7*3.
11
Let p = 141 - 138. Suppose -5*o + 5*d + 15 = 0, o - 4 - 7 = 5*d. Calculate the remainder when p is divided by o.
0
Suppose -4*l - 5*b = -25, -b + 14 = -2*l + 37. Let o(r) be the first derivative of r**3 + 2*r + 1. What is the remainder when o(-3) is divided by l?
9
Let r = -22 + 25. Suppose r*m - 70 = 4*x, -5*x = -2*m - 3 + 52. Calculate the remainder when 43 is divided by m.
21
Let o(y) = 11*y**3 - y + 1. Suppose 6*w - 5 = w. What is the remainder when ((-9)/4)/(9/(-168)) is divided by o(w)?
9
Let v = 17 - 15. What is the remainder when v is divided by 2?
0
Let f(i) = -i**3 - 3*i**2 + 5. Let v be f(-4). Let s = v + -11. What is the remainder when 28 is divided by s?
8
Suppose 63 = -15*v + 693. Calculate the remainder when v is divided by 11.
9
Suppose 6*r - 116 - 76 = 0. What is the remainder when r is divided by 6?
2
Suppose -5*m + 0 = 3*b - 149, 2*b - 90 = -3*m. Calculate the remainder when 55 is divided by m.
27
Let f(w) = 15*w**2 - w - 1. Let k be f(2). What is the remainder when 2*(-3)/((-18)/k) is divided by 7?
5
Suppose 0*p + p = 6. Let n(g) = -g + 13. Let z(v) = 5*v + 4. Calculate the remainder when z(3) is divided by n(p).
5
Suppose 3*f + 0*f = 177. Let v be (-3 + (-124)/(-8))*14. What is the remainder when f is divided by ((-8)/(-5))/(14/v)?
19
Calculate the remainder when 65 is divided by 324/15 + 2/5.
21
Suppose -3*l + 17 + 4 = 3*a, -2*a + 3*l = -9. What is the remainder when 9 is divided by a?
3
Suppose 2*s = 4*s - 8. Suppose -s*r - 50 = -v, 0*v - 2*r = 4*v - 236. Calculate the remainder when v is divided by 20.
18
Let q = -87 - -173. Calculate the remainder when q is divided by 22.
20
Let r(l) = l**3 - 8*l**2 + 9*l - 7. Let d(w) = -2*w**3 + 17*w**2 - 19*w + 15. Let v(u) = 6*d(u) + 13*r(u). What is the remainder when 32 is divided by v(3)?
15
Let o(k) = k**3 + 13*k**2 - 31*k - 4. Suppose 4*z = -0*z + 80. Calculate the remainder when z is divided by o(-15).
9
Let p = 50 + -29. Calculate the remainder when 61 is divided by p.
19
Let x(c) = 332*c**2 - c - 1. Let i be x(-1). Suppose 4*h - 8*h = -i. What is the remainder when h is divided by 28?
27
Let u = 14 - 6. Let w = -5 + -1. What is the remainder when u is divided by (-16)/w + (-2)/(-6)?
2
Let r = 14 + 1. Calculate the remainder when (-10)/50 - (-572)/10 is divided by r.
12
Let q = 82 - 7. What is the remainder when q is divided by 26?
23
Let p = 17 + -8. What is the remainder when 24 is divided by p?
6
Let o = 18 + -11. Suppose -l + 2*w + o = 0, -3*w = -2*l - 4*w + 14. What is the remainder when 25 is divided by l?
4
Let q be ((-4)/(-10))/(1/90). Let w = q - 19. Suppose 4*r = -r + 30. What is the remainder when w is divided by r?
5
Calculate the remainder when (-4)/(0 - (-4)/(-92)) is divided by 24.
20
Let y be -122 + 4 + 0/1. Let f = -68 - y. What is the remainder when f is divided by 13?
11
Let z(i) be the second derivative of i**3/6 + 4*i**2 - 3*i. What is the remainder when 11 is divided by z(-4)?
3
Let x(a) = 3*a**2 + 6 - a**2 - a - a**2. Let v(k) = k**2 + 4*k + 5. Calculate the remainder when v(-5) is divided by x(0).
4
Let b = -41 + 90. What is the remainder when 144 is divided by b?
46
Let f(h) = 4*h. Let n be f(-1). Let z be (-234)/(-14) - n/14. Let m = z - 8. Calculate the remainder when 16 is divided by m.
7
Let o(k) = 4 + 2 + 2*k + 3 - k. What is the remainder when 35 is divided by o(0)?
8
Suppose -15 = -2*v - 3. What is the remainder when 10 is divided by v?
4
Let v(s) = s - 6. Suppose -22 = -4*f + 10. Let p be v(f). Suppose -p*i = -2*u - 42, 2*i - 12 = -2*u + 18. What is the remainder when i is divided by 10?
8
Suppose 0*v + 5*v - 20 = 0. Suppose 0 = -5*b, t - 4 + 3 = v*b. What is the remainder when 2 is divided by t?
0
Let t(p) = -p**3 + 14*p**2 - 14*p + 17. What is the remainder when t(13) is divided by 2?
0
What is the remainder when 43 is divided by 1*155/(-15)*-3?
12
Let w(j) = 5 - 6*j**2 - 2*j + 2*j**3 - j**3 - 2*j**3. Calculate the remainder when w(-6) is divided by 5.
2
Let g(z) = -z**2 + 7*z. Let v be g(7). Suppose v*n = 2*n + 2. Let f = n + 6. Calculate the remainder when f is divided by 3.
2
Suppose -6*o = -4*t - 2*o, 3*t - 8 = -o. Suppose -5*s + 23 + t = 0. Calculate the remainder when 8 is divided by s.
3
Let y = -4 + 7. Suppose 0*r + y*r = 5*l + 177, 0 = 3*l. Calculate the remainder when r is divided by 20.
19
Suppose -5*z + 25 = 0, 2*s + 242 = 5*s - 2*z. Let t = s - 58. What is the remainder when 102 is divided by t?
24
Suppose -3 = -3*t, 3*t - 2*t + 14 = d. Let u = 36 + 22. What is the remainder when u is divided by d?
13
Let p(x) be the third derivative of 0 - 7/24*x**4 + x**3 - 1/60*x**5 + 0*x - 2*x**2 + 1/120*x**6. What is the remainder when p(4) is divided by 14?
12
Suppose -5*d = i + 11, -5*i + 10 = 2*d - 4. Let o = d - -4. Calculate the remainder when (1/2)/(o/82) is divided by 14.
13
Calculate the remainder when 67 is divided by ((-68)/(-2))/(5 + -3).
16
Suppose 16 = -4*b, 0*b - 3*b = 3*z - 165. Calculate the remainder when z is divided by 16.
11
Suppose -5*d - 25 = -4*d - 5*c, 5*c - 25 = -3*d. Suppose -4*b + 5*f = -d*b - 100, 60 = 4*b + 5*f. What is the remainder when b is divided by 0 + 6 + (-2)/(-2)?
6
Let z = 42 - 26. Calculate the remainder when z is divided by 9.
7
Let n(i) = i**2 + 10*i + 7. Calculate the remainder when 19 is divided by n(-10).
5
Let x(y) = 8*y - 2. What is the remainder when x(2) is divided by 3?
2
Let b(x) be the first derivative of x**3/3 + 2*x**2 - 10*x + 3. What is the remainder when 2 is divided by b(-6)?
0
Suppose 2*w + 62 = 2*t, 2*t - 3*w - 2*w = 59. What is the remainder when t is divided by 126/12 - 1/(-2)?
10
Suppose 5*l + r + 11 = 41, 2*r = 2*l. Let h(a) = a**3 - 4*a**2 + a - 7. Calculate the remainder when 67 is divided by h(l).
21
Suppose 4*n - 20 = -4*m, -4 = n - 7. Calculate the remainder when 3 is divided by m.
1
Suppose -z + 0*z = -f - 16, 5*z + 5*f - 60 = 0. Let h be (-5)/(1*(-2)/2). Let k = h + 3. What is the remainder when z is divided by k?
6
Suppose -6 = -3*q - 2*j, 4*q + 2*j = 4 + 4. What is the remainder when q is divided by 2?
0
Suppose -13 = -